{"id":721,"date":"2021-04-11T14:17:54","date_gmt":"2021-04-11T12:17:54","guid":{"rendered":"http:\/\/mfknuob.cluster029.hosting.ovh.net\/?page_id=721"},"modified":"2021-07-08T21:19:38","modified_gmt":"2021-07-08T19:19:38","slug":"jeux-de-rythme","status":"publish","type":"page","link":"https:\/\/pixelbisontin.fr\/index.php\/jeux-de-rythme\/","title":{"rendered":"Jeux de rythme"},"content":{"rendered":"\t\t<div data-elementor-type=\"wp-page\" data-elementor-id=\"721\" class=\"elementor elementor-721\" data-elementor-settings=\"{&quot;ha_cmc_init_switcher&quot;:&quot;no&quot;}\">\n\t\t\t\t\t\t<section class=\"elementor-section elementor-top-section elementor-element elementor-element-92a8507 elementor-section-boxed elementor-section-height-default elementor-section-height-default\" data-id=\"92a8507\" data-element_type=\"section\" data-settings=\"{&quot;_ha_eqh_enable&quot;:false}\">\n\t\t\t\t\t\t<div class=\"elementor-container elementor-column-gap-default\">\n\t\t\t\t\t<div class=\"elementor-column elementor-col-100 elementor-top-column elementor-element elementor-element-b83260f\" data-id=\"b83260f\" data-element_type=\"column\">\n\t\t\t<div class=\"elementor-widget-wrap elementor-element-populated\">\n\t\t\t\t\t\t<div class=\"elementor-element elementor-element-8595016 elementor-widget elementor-widget-heading\" data-id=\"8595016\" data-element_type=\"widget\" data-widget_type=\"heading.default\">\n\t\t\t\t<div class=\"elementor-widget-container\">\n\t\t\t\t\t<h2 class=\"elementor-heading-title elementor-size-xl\">JEUX DE RYTHME<\/h2>\t\t\t\t<\/div>\n\t\t\t\t<\/div>\n\t\t\t\t<div class=\"elementor-element elementor-element-74fa647 elementor-widget-divider--view-line elementor-widget elementor-widget-divider\" data-id=\"74fa647\" data-element_type=\"widget\" data-widget_type=\"divider.default\">\n\t\t\t\t<div class=\"elementor-widget-container\">\n\t\t\t\t\t\t\t<div class=\"elementor-divider\">\n\t\t\t<span class=\"elementor-divider-separator\">\n\t\t\t\t\t\t<\/span>\n\t\t<\/div>\n\t\t\t\t\t\t<\/div>\n\t\t\t\t<\/div>\n\t\t\t\t\t<\/div>\n\t\t<\/div>\n\t\t\t\t\t<\/div>\n\t\t<\/section>\n\t\t\t\t<section class=\"elementor-section elementor-top-section elementor-element elementor-element-962a537 elementor-section-boxed elementor-section-height-default elementor-section-height-default\" data-id=\"962a537\" data-element_type=\"section\" data-settings=\"{&quot;_ha_eqh_enable&quot;:false}\">\n\t\t\t\t\t\t<div class=\"elementor-container elementor-column-gap-default\">\n\t\t\t\t\t<div class=\"elementor-column elementor-col-50 elementor-top-column elementor-element elementor-element-e5d4dd9\" data-id=\"e5d4dd9\" data-element_type=\"column\">\n\t\t\t<div class=\"elementor-widget-wrap elementor-element-populated\">\n\t\t\t\t\t\t<div class=\"elementor-element elementor-element-7ddb120 elementor-widget elementor-widget-image\" data-id=\"7ddb120\" data-element_type=\"widget\" data-widget_type=\"image.default\">\n\t\t\t\t<div class=\"elementor-widget-container\">\n\t\t\t\t\t\t\t\t\t\t\t\t\t\t\t<img fetchpriority=\"high\" decoding=\"async\" width=\"1024\" height=\"683\" src=\"https:\/\/pixelbisontin.fr\/wp-content\/uploads\/2021\/05\/DSC_0678-1024x683.jpg\" class=\"attachment-large size-large wp-image-1300\" alt=\"\" srcset=\"https:\/\/pixelbisontin.fr\/wp-content\/uploads\/2021\/05\/DSC_0678-1024x683.jpg 1024w, https:\/\/pixelbisontin.fr\/wp-content\/uploads\/2021\/05\/DSC_0678-300x200.jpg 300w, https:\/\/pixelbisontin.fr\/wp-content\/uploads\/2021\/05\/DSC_0678-768x512.jpg 768w, https:\/\/pixelbisontin.fr\/wp-content\/uploads\/2021\/05\/DSC_0678-1536x1024.jpg 1536w, https:\/\/pixelbisontin.fr\/wp-content\/uploads\/2021\/05\/DSC_0678-2048x1365.jpg 2048w\" sizes=\"(max-width: 1024px) 100vw, 1024px\" \/>\t\t\t\t\t\t\t\t\t\t\t\t\t\t\t<\/div>\n\t\t\t\t<\/div>\n\t\t\t\t\t<\/div>\n\t\t<\/div>\n\t\t\t\t<div class=\"elementor-column elementor-col-50 elementor-top-column elementor-element elementor-element-f579690\" data-id=\"f579690\" data-element_type=\"column\">\n\t\t\t<div class=\"elementor-widget-wrap elementor-element-populated\">\n\t\t\t\t\t\t<div class=\"elementor-element elementor-element-f98712d elementor-widget elementor-widget-text-editor\" data-id=\"f98712d\" data-element_type=\"widget\" data-widget_type=\"text-editor.default\">\n\t\t\t\t<div class=\"elementor-widget-container\">\n\t\t\t\t\t\t\t\t\t<p>Le jeu de rythme est presque une branche \u00e0 part du jeu vid\u00e9o. Tr\u00e8s pr\u00e9sent dans l&rsquo;univers du jeu d&rsquo;arcade, il est un m\u00e9lange entre la musique et le ludique qui rend ce type de jeu particuli\u00e8rement fun et accessible \u00e0 tous.<\/p><p>C&rsquo;est l&rsquo;occasion de jouer diff\u00e9remment et de d\u00e9velopper le sens du rythme.<\/p>\t\t\t\t\t\t\t\t<\/div>\n\t\t\t\t<\/div>\n\t\t\t\t\t<\/div>\n\t\t<\/div>\n\t\t\t\t\t<\/div>\n\t\t<\/section>\n\t\t\t\t<section class=\"elementor-section elementor-top-section elementor-element elementor-element-55824a8 elementor-section-boxed elementor-section-height-default elementor-section-height-default\" data-id=\"55824a8\" data-element_type=\"section\" data-settings=\"{&quot;_ha_eqh_enable&quot;:false}\">\n\t\t\t\t\t\t<div class=\"elementor-container elementor-column-gap-default\">\n\t\t\t\t\t<div class=\"elementor-column elementor-col-50 elementor-top-column elementor-element elementor-element-21f4690\" data-id=\"21f4690\" data-element_type=\"column\">\n\t\t\t<div class=\"elementor-widget-wrap elementor-element-populated\">\n\t\t\t\t\t\t<div class=\"elementor-element elementor-element-833047f elementor-widget elementor-widget-text-editor\" data-id=\"833047f\" data-element_type=\"widget\" data-widget_type=\"text-editor.default\">\n\t\t\t\t<div class=\"elementor-widget-container\">\n\t\t\t\t\t\t\t\t\t<p>Depuis quelques ann\u00e9es Pixel Bisontin a rassembl\u00e9 de nombreux jeux et contr\u00f4leurs musicaux :\u00a0<\/p><ul><li>Dance Dance Revolution (DDR), un tapis ou les joueurs doivent appuyer en rythme avec leurs pieds sur les diff\u00e9rentes touches afin de suivre une chor\u00e9graphie.<\/li><li>Pop&rsquo;n&rsquo;Music : jeu de rythme tr\u00e8s connu au japon et facilement accessible, il peut se jouer \u00e0 deux et demande d&rsquo;appuyer en rythme sur des gros boutons color\u00e9s.<\/li><li>Guitar Hero : une batterie, une guitare, une basse, un micro et un clavier, de quoi constituer un groupe de rock entre amis et rejouer des centaines de morceaux mythiques.<\/li><\/ul><p>Et bien d&rsquo;autres !<\/p>\t\t\t\t\t\t\t\t<\/div>\n\t\t\t\t<\/div>\n\t\t\t\t\t<\/div>\n\t\t<\/div>\n\t\t\t\t<div class=\"elementor-column elementor-col-50 elementor-top-column elementor-element elementor-element-14a356c\" data-id=\"14a356c\" data-element_type=\"column\">\n\t\t\t<div class=\"elementor-widget-wrap elementor-element-populated\">\n\t\t\t\t\t\t<div class=\"elementor-element elementor-element-cd65be6 elementor-widget elementor-widget-image\" data-id=\"cd65be6\" data-element_type=\"widget\" data-widget_type=\"image.default\">\n\t\t\t\t<div class=\"elementor-widget-container\">\n\t\t\t\t\t\t\t\t\t\t\t\t\t\t\t<img decoding=\"async\" width=\"1024\" height=\"768\" src=\"https:\/\/pixelbisontin.fr\/wp-content\/uploads\/2017\/02\/18891564_1254124638018790_453339458071434970_o-1024x768.jpg\" class=\"attachment-large size-large wp-image-1193\" alt=\"\" srcset=\"https:\/\/pixelbisontin.fr\/wp-content\/uploads\/2017\/02\/18891564_1254124638018790_453339458071434970_o-1024x768.jpg 1024w, https:\/\/pixelbisontin.fr\/wp-content\/uploads\/2017\/02\/18891564_1254124638018790_453339458071434970_o-300x225.jpg 300w, https:\/\/pixelbisontin.fr\/wp-content\/uploads\/2017\/02\/18891564_1254124638018790_453339458071434970_o-768x576.jpg 768w, https:\/\/pixelbisontin.fr\/wp-content\/uploads\/2017\/02\/18891564_1254124638018790_453339458071434970_o.jpg 1200w\" sizes=\"(max-width: 1024px) 100vw, 1024px\" \/>\t\t\t\t\t\t\t\t\t\t\t\t\t\t\t<\/div>\n\t\t\t\t<\/div>\n\t\t\t\t\t<\/div>\n\t\t<\/div>\n\t\t\t\t\t<\/div>\n\t\t<\/section>\n\t\t\t\t<\/div>\n\t\t","protected":false},"excerpt":{"rendered":"<p>JEUX DE RYTHME Le jeu de rythme est presque une branche \u00e0 part du jeu vid\u00e9o. Tr\u00e8s pr\u00e9sent dans l&rsquo;univers du jeu d&rsquo;arcade, il est un m\u00e9lange entre la musique et le ludique qui rend ce type de jeu particuli\u00e8rement fun et accessible \u00e0 tous. C&rsquo;est l&rsquo;occasion de jouer diff\u00e9remment et de d\u00e9velopper le sens [&hellip;]<\/p>\n","protected":false},"author":1,"featured_media":0,"parent":0,"menu_order":0,"comment_status":"closed","ping_status":"closed","template":"","meta":{"ocean_post_layout":"full-width","ocean_both_sidebars_style":"","ocean_both_sidebars_content_width":0,"ocean_both_sidebars_sidebars_width":0,"ocean_sidebar":"0","ocean_second_sidebar":"0","ocean_disable_margins":"enable","ocean_add_body_class":"","ocean_shortcode_before_top_bar":"","ocean_shortcode_after_top_bar":"","ocean_shortcode_before_header":"","ocean_shortcode_after_header":"","ocean_has_shortcode":"","ocean_shortcode_after_title":"","ocean_shortcode_before_footer_widgets":"","ocean_shortcode_after_footer_widgets":"","ocean_shortcode_before_footer_bottom":"","ocean_shortcode_after_footer_bottom":"","ocean_display_top_bar":"default","ocean_display_header":"default","ocean_header_style":"","ocean_center_header_left_menu":"0","ocean_custom_header_template":"0","ocean_custom_logo":0,"ocean_custom_retina_logo":0,"ocean_custom_logo_max_width":0,"ocean_custom_logo_tablet_max_width":0,"ocean_custom_logo_mobile_max_width":0,"ocean_custom_logo_max_height":0,"ocean_custom_logo_tablet_max_height":0,"ocean_custom_logo_mobile_max_height":0,"ocean_header_custom_menu":"0","ocean_menu_typo_font_family":"0","ocean_menu_typo_font_subset":"","ocean_menu_typo_font_size":0,"ocean_menu_typo_font_size_tablet":0,"ocean_menu_typo_font_size_mobile":0,"ocean_menu_typo_font_size_unit":"px","ocean_menu_typo_font_weight":"","ocean_menu_typo_font_weight_tablet":"","ocean_menu_typo_font_weight_mobile":"","ocean_menu_typo_transform":"","ocean_menu_typo_transform_tablet":"","ocean_menu_typo_transform_mobile":"","ocean_menu_typo_line_height":0,"ocean_menu_typo_line_height_tablet":0,"ocean_menu_typo_line_height_mobile":0,"ocean_menu_typo_line_height_unit":"","ocean_menu_typo_spacing":0,"ocean_menu_typo_spacing_tablet":0,"ocean_menu_typo_spacing_mobile":0,"ocean_menu_typo_spacing_unit":"","ocean_menu_link_color":"","ocean_menu_link_color_hover":"","ocean_menu_link_color_active":"","ocean_menu_link_background":"","ocean_menu_link_hover_background":"","ocean_menu_link_active_background":"","ocean_menu_social_links_bg":"","ocean_menu_social_hover_links_bg":"","ocean_menu_social_links_color":"","ocean_menu_social_hover_links_color":"","ocean_disable_title":"default","ocean_disable_heading":"default","ocean_post_title":"","ocean_post_subheading":"","ocean_post_title_style":"","ocean_post_title_background_color":"","ocean_post_title_background":0,"ocean_post_title_bg_image_position":"","ocean_post_title_bg_image_attachment":"","ocean_post_title_bg_image_repeat":"","ocean_post_title_bg_image_size":"","ocean_post_title_height":0,"ocean_post_title_bg_overlay":0.5,"ocean_post_title_bg_overlay_color":"","ocean_disable_breadcrumbs":"default","ocean_breadcrumbs_color":"","ocean_breadcrumbs_separator_color":"","ocean_breadcrumbs_links_color":"","ocean_breadcrumbs_links_hover_color":"","ocean_display_footer_widgets":"default","ocean_display_footer_bottom":"default","ocean_custom_footer_template":"0","footnotes":""},"class_list":["post-721","page","type-page","status-publish","hentry","entry"],"yoast_head":"<!-- This site is optimized with the Yoast SEO plugin v24.4 - https:\/\/yoast.com\/wordpress\/plugins\/seo\/ -->\n<title>Jeux de rythme - Pixel Bisontin<\/title>\n<meta name=\"robots\" content=\"index, follow, max-snippet:-1, max-image-preview:large, max-video-preview:-1\" \/>\n<link rel=\"canonical\" href=\"https:\/\/pixelbisontin.fr\/index.php\/jeux-de-rythme\/\" \/>\n<meta property=\"og:locale\" content=\"fr_FR\" \/>\n<meta property=\"og:type\" content=\"article\" \/>\n<meta property=\"og:title\" content=\"Jeux de rythme - Pixel Bisontin\" \/>\n<meta property=\"og:description\" content=\"JEUX DE RYTHME Le jeu de rythme est presque une branche \u00e0 part du jeu vid\u00e9o. Tr\u00e8s pr\u00e9sent dans l&rsquo;univers du jeu d&rsquo;arcade, il est un m\u00e9lange entre la musique et le ludique qui rend ce type de jeu particuli\u00e8rement fun et accessible \u00e0 tous. C&rsquo;est l&rsquo;occasion de jouer diff\u00e9remment et de d\u00e9velopper le sens [&hellip;]\" \/>\n<meta property=\"og:url\" content=\"https:\/\/pixelbisontin.fr\/index.php\/jeux-de-rythme\/\" \/>\n<meta property=\"og:site_name\" content=\"Pixel Bisontin\" \/>\n<meta property=\"article:publisher\" content=\"https:\/\/www.facebook.com\/PixelBisontin\" \/>\n<meta property=\"article:modified_time\" content=\"2021-07-08T19:19:38+00:00\" \/>\n<meta property=\"og:image\" content=\"https:\/\/pixelbisontin.fr\/wp-content\/uploads\/2021\/05\/DSC_0678-1024x683.jpg\" \/>\n<meta name=\"twitter:card\" content=\"summary_large_image\" \/>\n<meta name=\"twitter:label1\" content=\"Dur\u00e9e de lecture estim\u00e9e\" \/>\n\t<meta name=\"twitter:data1\" content=\"2 minutes\" \/>\n<script type=\"application\/ld+json\" class=\"yoast-schema-graph\">{\"@context\":\"https:\/\/schema.org\",\"@graph\":[{\"@type\":\"WebPage\",\"@id\":\"https:\/\/pixelbisontin.fr\/index.php\/jeux-de-rythme\/\",\"url\":\"https:\/\/pixelbisontin.fr\/index.php\/jeux-de-rythme\/\",\"name\":\"Jeux de rythme - Pixel Bisontin\",\"isPartOf\":{\"@id\":\"https:\/\/pixelbisontin.fr\/#website\"},\"primaryImageOfPage\":{\"@id\":\"https:\/\/pixelbisontin.fr\/index.php\/jeux-de-rythme\/#primaryimage\"},\"image\":{\"@id\":\"https:\/\/pixelbisontin.fr\/index.php\/jeux-de-rythme\/#primaryimage\"},\"thumbnailUrl\":\"https:\/\/pixelbisontin.fr\/wp-content\/uploads\/2021\/05\/DSC_0678-1024x683.jpg\",\"datePublished\":\"2021-04-11T12:17:54+00:00\",\"dateModified\":\"2021-07-08T19:19:38+00:00\",\"breadcrumb\":{\"@id\":\"https:\/\/pixelbisontin.fr\/index.php\/jeux-de-rythme\/#breadcrumb\"},\"inLanguage\":\"fr-FR\",\"potentialAction\":[{\"@type\":\"ReadAction\",\"target\":[\"https:\/\/pixelbisontin.fr\/index.php\/jeux-de-rythme\/\"]}]},{\"@type\":\"ImageObject\",\"inLanguage\":\"fr-FR\",\"@id\":\"https:\/\/pixelbisontin.fr\/index.php\/jeux-de-rythme\/#primaryimage\",\"url\":\"https:\/\/pixelbisontin.fr\/wp-content\/uploads\/2021\/05\/DSC_0678-scaled.jpg\",\"contentUrl\":\"https:\/\/pixelbisontin.fr\/wp-content\/uploads\/2021\/05\/DSC_0678-scaled.jpg\",\"width\":2560,\"height\":1707},{\"@type\":\"BreadcrumbList\",\"@id\":\"https:\/\/pixelbisontin.fr\/index.php\/jeux-de-rythme\/#breadcrumb\",\"itemListElement\":[{\"@type\":\"ListItem\",\"position\":1,\"name\":\"Accueil\",\"item\":\"https:\/\/pixelbisontin.fr\/\"},{\"@type\":\"ListItem\",\"position\":2,\"name\":\"Jeux de rythme\"}]},{\"@type\":\"WebSite\",\"@id\":\"https:\/\/pixelbisontin.fr\/#website\",\"url\":\"https:\/\/pixelbisontin.fr\/\",\"name\":\"Pixel Bisontin\",\"description\":\"\",\"publisher\":{\"@id\":\"https:\/\/pixelbisontin.fr\/#organization\"},\"potentialAction\":[{\"@type\":\"SearchAction\",\"target\":{\"@type\":\"EntryPoint\",\"urlTemplate\":\"https:\/\/pixelbisontin.fr\/?s={search_term_string}\"},\"query-input\":{\"@type\":\"PropertyValueSpecification\",\"valueRequired\":true,\"valueName\":\"search_term_string\"}}],\"inLanguage\":\"fr-FR\"},{\"@type\":\"Organization\",\"@id\":\"https:\/\/pixelbisontin.fr\/#organization\",\"name\":\"Pixel Bisontin\",\"url\":\"https:\/\/pixelbisontin.fr\/\",\"logo\":{\"@type\":\"ImageObject\",\"inLanguage\":\"fr-FR\",\"@id\":\"https:\/\/pixelbisontin.fr\/#\/schema\/logo\/image\/\",\"url\":\"https:\/\/pixelbisontin.fr\/wp-content\/uploads\/2021\/04\/PIXON-20cm-1.png\",\"contentUrl\":\"https:\/\/pixelbisontin.fr\/wp-content\/uploads\/2021\/04\/PIXON-20cm-1.png\",\"width\":2362,\"height\":1756,\"caption\":\"Pixel Bisontin\"},\"image\":{\"@id\":\"https:\/\/pixelbisontin.fr\/#\/schema\/logo\/image\/\"},\"sameAs\":[\"https:\/\/www.facebook.com\/PixelBisontin\"]}]}<\/script>\n<!-- \/ Yoast SEO plugin. -->","yoast_head_json":{"title":"Jeux de rythme - Pixel Bisontin","robots":{"index":"index","follow":"follow","max-snippet":"max-snippet:-1","max-image-preview":"max-image-preview:large","max-video-preview":"max-video-preview:-1"},"canonical":"https:\/\/pixelbisontin.fr\/index.php\/jeux-de-rythme\/","og_locale":"fr_FR","og_type":"article","og_title":"Jeux de rythme - Pixel Bisontin","og_description":"JEUX DE RYTHME Le jeu de rythme est presque une branche \u00e0 part du jeu vid\u00e9o. Tr\u00e8s pr\u00e9sent dans l&rsquo;univers du jeu d&rsquo;arcade, il est un m\u00e9lange entre la musique et le ludique qui rend ce type de jeu particuli\u00e8rement fun et accessible \u00e0 tous. C&rsquo;est l&rsquo;occasion de jouer diff\u00e9remment et de d\u00e9velopper le sens [&hellip;]","og_url":"https:\/\/pixelbisontin.fr\/index.php\/jeux-de-rythme\/","og_site_name":"Pixel Bisontin","article_publisher":"https:\/\/www.facebook.com\/PixelBisontin","article_modified_time":"2021-07-08T19:19:38+00:00","og_image":[{"url":"https:\/\/pixelbisontin.fr\/wp-content\/uploads\/2021\/05\/DSC_0678-1024x683.jpg","type":"","width":"","height":""}],"twitter_card":"summary_large_image","twitter_misc":{"Dur\u00e9e de lecture estim\u00e9e":"2 minutes"},"schema":{"@context":"https:\/\/schema.org","@graph":[{"@type":"WebPage","@id":"https:\/\/pixelbisontin.fr\/index.php\/jeux-de-rythme\/","url":"https:\/\/pixelbisontin.fr\/index.php\/jeux-de-rythme\/","name":"Jeux de rythme - Pixel Bisontin","isPartOf":{"@id":"https:\/\/pixelbisontin.fr\/#website"},"primaryImageOfPage":{"@id":"https:\/\/pixelbisontin.fr\/index.php\/jeux-de-rythme\/#primaryimage"},"image":{"@id":"https:\/\/pixelbisontin.fr\/index.php\/jeux-de-rythme\/#primaryimage"},"thumbnailUrl":"https:\/\/pixelbisontin.fr\/wp-content\/uploads\/2021\/05\/DSC_0678-1024x683.jpg","datePublished":"2021-04-11T12:17:54+00:00","dateModified":"2021-07-08T19:19:38+00:00","breadcrumb":{"@id":"https:\/\/pixelbisontin.fr\/index.php\/jeux-de-rythme\/#breadcrumb"},"inLanguage":"fr-FR","potentialAction":[{"@type":"ReadAction","target":["https:\/\/pixelbisontin.fr\/index.php\/jeux-de-rythme\/"]}]},{"@type":"ImageObject","inLanguage":"fr-FR","@id":"https:\/\/pixelbisontin.fr\/index.php\/jeux-de-rythme\/#primaryimage","url":"https:\/\/pixelbisontin.fr\/wp-content\/uploads\/2021\/05\/DSC_0678-scaled.jpg","contentUrl":"https:\/\/pixelbisontin.fr\/wp-content\/uploads\/2021\/05\/DSC_0678-scaled.jpg","width":2560,"height":1707},{"@type":"BreadcrumbList","@id":"https:\/\/pixelbisontin.fr\/index.php\/jeux-de-rythme\/#breadcrumb","itemListElement":[{"@type":"ListItem","position":1,"name":"Accueil","item":"https:\/\/pixelbisontin.fr\/"},{"@type":"ListItem","position":2,"name":"Jeux de rythme"}]},{"@type":"WebSite","@id":"https:\/\/pixelbisontin.fr\/#website","url":"https:\/\/pixelbisontin.fr\/","name":"Pixel Bisontin","description":"","publisher":{"@id":"https:\/\/pixelbisontin.fr\/#organization"},"potentialAction":[{"@type":"SearchAction","target":{"@type":"EntryPoint","urlTemplate":"https:\/\/pixelbisontin.fr\/?s={search_term_string}"},"query-input":{"@type":"PropertyValueSpecification","valueRequired":true,"valueName":"search_term_string"}}],"inLanguage":"fr-FR"},{"@type":"Organization","@id":"https:\/\/pixelbisontin.fr\/#organization","name":"Pixel Bisontin","url":"https:\/\/pixelbisontin.fr\/","logo":{"@type":"ImageObject","inLanguage":"fr-FR","@id":"https:\/\/pixelbisontin.fr\/#\/schema\/logo\/image\/","url":"https:\/\/pixelbisontin.fr\/wp-content\/uploads\/2021\/04\/PIXON-20cm-1.png","contentUrl":"https:\/\/pixelbisontin.fr\/wp-content\/uploads\/2021\/04\/PIXON-20cm-1.png","width":2362,"height":1756,"caption":"Pixel Bisontin"},"image":{"@id":"https:\/\/pixelbisontin.fr\/#\/schema\/logo\/image\/"},"sameAs":["https:\/\/www.facebook.com\/PixelBisontin"]}]}},"_links":{"self":[{"href":"https:\/\/pixelbisontin.fr\/index.php\/wp-json\/wp\/v2\/pages\/721","targetHints":{"allow":["GET"]}}],"collection":[{"href":"https:\/\/pixelbisontin.fr\/index.php\/wp-json\/wp\/v2\/pages"}],"about":[{"href":"https:\/\/pixelbisontin.fr\/index.php\/wp-json\/wp\/v2\/types\/page"}],"author":[{"embeddable":true,"href":"https:\/\/pixelbisontin.fr\/index.php\/wp-json\/wp\/v2\/users\/1"}],"replies":[{"embeddable":true,"href":"https:\/\/pixelbisontin.fr\/index.php\/wp-json\/wp\/v2\/comments?post=721"}],"version-history":[{"count":42,"href":"https:\/\/pixelbisontin.fr\/index.php\/wp-json\/wp\/v2\/pages\/721\/revisions"}],"predecessor-version":[{"id":1642,"href":"https:\/\/pixelbisontin.fr\/index.php\/wp-json\/wp\/v2\/pages\/721\/revisions\/1642"}],"wp:attachment":[{"href":"https:\/\/pixelbisontin.fr\/index.php\/wp-json\/wp\/v2\/media?parent=721"}],"curies":[{"name":"wp","href":"https:\/\/api.w.org\/{rel}","templated":true}]}}